131
List the prime factors of 1276150007.
11, 1571, 73847
List the prime factors of 130082425.
5, 11, 473027
What are the prime factors of 104085852?
2, 3, 13, 53, 12589
What are the prime factors of 949833122?
2, 7, 67845223
List the prime factors of 106327787.
106327787
List the prime factors of 980309378.
2, 490154689
List the prime factors of 29783739.
3, 9927913
List the prime factors of 49474196.
2, 23, 103, 227
What are the prime factors of 5591430280?
2, 5, 181, 772297
What are the prime factors of 38409281?
1471, 26111
List the prime factors of 923298518.
2, 37, 12477007
What are the prime factors of 1073839293?
3, 119315477
List the prime factors of 15633427.
15633427
What are the prime factors of 281404415?
5, 73, 770971
List the prime factors of 9248987.
11, 840817
List the prime factors of 7044677677.
31, 1321, 172027
What are the prime factors of 1752259841?
31, 56524511
List the prime factors of 1949383190.
2, 5, 29, 1973, 3407
What are the prime factors of 79951503?
3, 1783, 14947
What are the prime factors of 188241537?
3, 11, 41, 373
List the prime factors of 30157909.
59, 511151
What are the prime factors of 634521903?
3, 1117, 189353
What are the prime factors of 1016301875?
5, 1626083
List the prime factors of 173608749.
3, 19289861
What are the prime factors of 48952409?
11, 1399, 3181
What are the prime factors of 132359095?
5, 11, 2406529
List the prime factors of 2297160214.
2, 1148580107
What are the prime factors of 310306497?
3, 31, 3336629
What are the prime factors of 108624112?
2, 433, 15679
What are the prime factors of 1941859193?
1087, 1786439
What are the prime factors of 2335502388?
2, 3, 4271, 45569
What are the prime factors of 1045785419?
7, 211, 708047
What are the prime factors of 141149299?
59, 2392361
List the prime factors of 672807818.
2, 31, 10851739
List the prime factors of 1032313807.
7, 23, 53, 311, 389
What are the prime factors of 24958407?
3, 409, 20341
What are the prime factors of 58889720?
2, 5, 29, 50767
List the prime factors of 1525282535.
5, 7, 821, 7583
What are the prime factors of 172669589?
61, 79, 35831
What are the prime factors of 181389127?
97, 1869991
List the prime factors of 7556388.
2, 3, 7, 71, 181
What are the prime factors of 140353002?
2, 3, 7797389
List the prime factors of 22141260.
2, 3, 5, 123007
What are the prime factors of 2234364102?
2, 3, 29, 59, 2687
List the prime factors of 26752439.
7, 53, 72109
List the prime factors of 1081984737.
3, 17, 1999, 10613
List the prime factors of 273055626.
2, 3, 31, 571, 857
List the prime factors of 2018526070.
2, 5, 11, 18350237
List the prime factors of 4571192602.
2, 37, 61772873
List the prime factors of 53999503.
53999503
What are the prime factors of 10496786?
2, 17, 23, 31, 433
What are the prime factors of 148364043?
3, 37, 1336613
List the prime factors of 54185158.
2, 89, 304411
What are the prime factors of 32771700?
2, 3, 5, 13, 2801
List the prime factors of 252748283.
252748283
List the prime factors of 132331345.
5, 26466269
What are the prime factors of 3999684529?
3863, 1035383
What are the prime factors of 2979752863?
181, 16462723
List the prime factors of 281788307.
59, 4776073
What are the prime factors of 4541245844?
2, 47, 24155563
List the prime factors of 1341353630.
2, 5, 134135363
What are the prime factors of 558933160?
2, 5, 449, 31121
List the prime factors of 49688274.
2, 3, 8281379
What are the prime factors of 146381704?
2, 7, 653, 4003
What are the prime factors of 1244456605?
5, 7, 35555903
What are the prime factors of 8106844?
2, 19, 106669
List the prime factors of 3422343390.
2, 3, 5, 41, 61, 45613
List the prime factors of 64235948.
2, 7, 2294141
List the prime factors of 1369980426.
2, 3, 37, 173, 35671
What are the prime factors of 710374029?
3, 236791343
What are the prime factors of 4555808452?
2, 13, 2819, 31079
What are the prime factors of 3449013335?
5, 689802667
List the prime factors of 5346747.
3, 7, 84869
List the prime factors of 164222508.
2, 3, 13685209
List the prime factors of 24572424.
2, 3, 1023851
List the prime factors of 1948792.
2, 19, 12821
What are the prime factors of 375794631?
3, 23, 1109, 1637
What are the prime factors of 676586318?
2, 338293159
List the prime factors of 298338845.
5, 7, 47, 181361
What are the prime factors of 535760074?
2, 37, 7240001
What are the prime factors of 68778690?
2, 3, 5, 2292623
List the prime factors of 1636768801.
563, 2907227
What are the prime factors of 965756933?
5443, 177431
What are the prime factors of 1043403120?
2, 3, 5, 17891
List the prime factors of 263806114.
2, 11, 13, 641, 1439
What are the prime factors of 738300434?
2, 997, 370261
What are the prime factors of 1974015406?
2, 11, 263, 341171
What are the prime factors of 24732244?
2, 29, 213209
What are the prime factors of 392303407?
17, 47, 490993
List the prime factors of 92686714.
2, 31, 1494947
List the prime factors of 7369749250.
2, 5, 29478997
What are the prime factors of 5806971?
3, 23, 1039
What are the prime factors of 1027221513?
3, 379, 903449
List the prime factors of 4258699620.
2, 3, 5, 7, 1093, 9277
List the prime factors of 241375509.
3, 3833, 6997
What are the prime factors of 868014437?
868014437
What are the prime factors of 223636058?
2, 41, 47, 58027
List the prime factors of 291976209.
3, 7, 431, 10753
List the prime factors of 38025889.
11, 17, 43, 4729
What are the prime factors of 1206646867?
197, 1049, 5839
What are the prime factors of 550087686?
2, 3, 3395603
What are the prime factors of 500781037?
31, 16154227
List the prime factors of 73056839.
7717, 9467
What are the prime factors of 2460123154?
2, 19, 53, 83, 14717
List the prime factors of 431187236.
2, 107796809
What are the prime factors of 1140166500?
2, 3, 5, 11, 43, 1607
List the prime factors of 2519625563.
7, 13, 2129861
What are the prime factors of 2390264460?
2, 3, 5, 127, 104561
List the prime factors of 578572730.
2, 5, 17, 41, 83009
List the prime factors of 2564916486.
2, 3, 11, 97, 400643
What are the prime factors of 115943361?
3, 38647787
What are the prime factors of 51281983?
51281983
What are the prime factors of 3694019940?
2, 3, 5, 13, 1578641
What are the prime factors of 186264935?
5, 709, 52543
What are the prime factors of 743453520?
2, 3, 5, 17, 47, 3877
List the prime factors of 98105700.
2, 3, 5, 7, 11, 31, 137
List the prime factors of 662548883.
269, 811, 3037
What are the prime factors of 106931174?
2, 7, 7637941
What are the prime factors of 67827927?
3, 22609309
List the prime factors of 423917517.
3, 9199, 15361
List the prime factors of 693592497.
3, 13, 1976047
What are the prime factors of 134713212?
2, 3, 97, 115733
What are the prime factors of 1138073576?
2, 142259197
What are the prime factors of 4726331408?
2, 59, 71, 151, 467
What are the prime factors of 7038059062?
2, 3519029531
What are the prime factors of 2156873019?
3, 7, 31, 41, 80809
What are the prime factors of 1899284181?
3, 633094727
List the prime factors of 6022363.
89, 157, 431
List the prime factors of 5075072217.
3, 31, 18190223
List the prime factors of 1163988510.
2, 3, 5, 863, 44959
What are the prime factors of 678372276?
2, 3, 19, 2975317
What are the prime factors of 16532402?
2, 353, 23417
List the prime factors of 163912435.
5, 32782487
What are the prime factors of 2326937295?
3, 5, 155129153
What are the prime factors of 2009552?
2, 125597
What are the prime factors of 46250846?
2, 17, 1360319
What are the prime factors of 44907177?
3, 7, 41, 7451
What are the prime factors of 336405580?
2, 5, 7, 229, 1499
What are the prime factors of 5934297?
3, 419, 4721
What are the prime factors of 952387836?
2, 3, 173, 193, 2377
What are the prime factors of 393577570?
2, 5, 827, 47591
List the prime factors of 41724924.
2, 3, 151, 23027
List the prime factors of 1708135060.
2, 5, 1091, 78283
What are the prime factors of 595128254?
2, 7, 1031, 41231
What are the prime factors of 561778675?
5, 457, 49171
List the prime factors of 36839494.
2, 37, 497831
What are the prime factors of 266586249?
3, 59, 1506137
List the prime factors of 78972130.
2, 5, 73, 251, 431
What are the prime factors of 701741698?
2, 7, 50124407
What are the prime factors of 593336167?